hat is the units digit of y/3 + 0 + 1?
6
Suppose -3*y + 153 = -2*y. What is the units digit of y?
3
Suppose -1956 = -5*f - 31. Suppose -4*h = -2*y + 70, -f = -5*y - 5*h - 135. What is the units digit of y?
5
Let l(d) = -205*d. Let g be l(1). What is the units digit of g/(-9) + (-10)/(-45)?
3
Suppose -3*c + w + 337 = 0, -3*c - 218 = -5*c + 2*w. What is the tens digit of c?
1
Let f be -3 + 7*(2 - 0). Let r = f + -9. Suppose -2*n + 23 = r*n - 3*x, -19 = -2*n - x. What is the units digit of n?
8
Let t(u) = -u + 16. Let g be t(12). Suppose 0*p = -g*p + 168. What is the units digit of p?
2
Suppose -2*k - 2 + 10 = 0. Suppose 0 = k*h + h - 35. Suppose -h = -5*s + 18. What is the units digit of s?
5
Suppose 20*m = 17*m + 552. What is the units digit of m?
4
Let l(w) = w - 6. Let k be l(8). Suppose -2*x - 8 = k*h - 0*h, -x - 7 = -2*h. What is the units digit of h?
1
Let q be (-2 - (-3 - 1))/(-1). Let f = -2 - q. Suppose 3*c + 3*m = f, 4 = -2*c - 3*m - m. What is the units digit of c?
2
Let f = -8 - -11. Suppose 5*n - 15 = k, -n - 4*k = -0*n - f. What is the units digit of (-16)/(-3)*n/2?
8
Let s(j) be the first derivative of -j**3/3 + 2*j**2 - 2. Let d be s(3). Suppose -d*v + 22 = -v. What is the units digit of v?
1
Let c be 2/(-2)*1*-2. Suppose -4*d - c = -v, 2*d + 4*v = 3 + 5. Suppose 5*h + 5 = d, -o - o - 5*h = -1. What is the units digit of o?
3
What is the tens digit of 3 - (1 - (3 - -23))?
2
Suppose 23 = -3*v + 104. Suppose 2*l + 3*w + 0*w = v, -w + 29 = 2*l. What is the units digit of l?
5
Let b(l) = -l + 1. Let d(w) = 21*w + 27. Let g(h) = -11*h - 14. Let z(m) = 6*d(m) + 11*g(m). Let j(f) = 6*b(f) + z(f). What is the units digit of j(7)?
7
Let y(c) be the second derivative of c**3/2 - 3*c**2/2 + 3*c. What is the units digit of y(7)?
8
Suppose 1 - 2 = s. Let z(i) = 6*i + 1. Let j be z(s). Let k(y) = y**2 + 4*y. What is the units digit of k(j)?
5
Let p(t) = 3*t + 22. What is the units digit of p(5)?
7
Suppose -3*r = -j - 12, 2*j = -5*r - 0*j + 31. Let t(m) = -9*m - 5 + r. What is the units digit of t(-1)?
9
Let g(x) = -x**2 - 9*x - 8. What is the tens digit of g(-5)?
1
Let g(n) = -n**3 - 5*n**2 + 7*n + 4. Let m be g(-6). Let r be (1/m - -1)*2. What is the units digit of 27/6 + r/(-2)?
4
Let c = -10 + 34. What is the tens digit of c?
2
Let i(s) = -s**3 - 8*s**2 + s + 9. Let f be i(-8). What is the units digit of 176/8 + 0 + f?
3
Suppose 3 + 7 = 5*z. What is the units digit of z?
2
Let z = 707 - 454. What is the tens digit of z?
5
Suppose -4*p + p = 24. Let g be (-1*1)/(4/p). Suppose 0 = 2*j - 6 - g. What is the units digit of j?
4
Let x(u) = -u + 1. Let i be x(1). What is the units digit of 17 - 4/(-4) - i?
8
Suppose 0 = -3*c - 9 + 66. What is the tens digit of c?
1
Let n(b) be the first derivative of -b**3/3 + 3*b**2 - 4*b + 2. Let p be 12/(-30)*(1 - 11). What is the units digit of n(p)?
4
Suppose 17 = 3*z - 40. What is the units digit of z?
9
Suppose 0 = i + 5*i - 36. Let h(t) = t**3 - 7*t**2 + 8*t + 5. What is the units digit of h(i)?
7
Suppose -21 = -4*u + 131. What is the units digit of u?
8
Let a(p) = -3*p - 3. Let v be a(-10). Let d = v - -5. What is the units digit of d?
2
Let f = -3 - -6. Let t(r) = -r - 1. Let j be t(-3). Suppose -j*c + f = -c. What is the units digit of c?
3
Suppose 2*d = 5*f - 22, -4*d + 0 - 2 = -3*f. What is the units digit of f/(-4)*(-38)/3?
9
Let j(g) = 3*g + 4. What is the units digit of j(10)?
4
Suppose 0 = 3*l, l - 65 = -5*w + 2*l. What is the units digit of w?
3
Let a be ((-3)/2)/3*-10. Let t(u) = -u**3 - 2*u**2 + 5 - a + 2*u. What is the units digit of t(-3)?
3
Suppose -4*y = -2*y. Suppose 4*n + 5 = -d + 72, y = -2*n + 2*d + 46. What is the tens digit of n?
1
Let u(t) = -14*t**3 + 2*t**2 + 4*t. Let i be u(-3). What is the tens digit of i/27 - (-4)/(-18)?
1
Let o(f) = -f**2 - 10*f - 2. Let c be o(-10). Let g = c + 3. What is the units digit of 1*5 + (0 - g)?
4
What is the tens digit of (-2)/2*68/(-4)?
1
Suppose 4 = 3*l - 8. Let g(j) = j**2 - 2*j + 8. Let r be g(6). Suppose l*h = 4*y + y + 13, 0 = -5*h + y + r. What is the units digit of h?
7
Suppose -2*f = -7*f, 2*f = 2*m - 68. What is the tens digit of m?
3
Suppose 4*a - 24 = -8. Suppose -2*z = 2, -a*k + 3*z + 26 = -5. What is the units digit of k?
7
Suppose -8*q + 780 = -3*q + 2*t, 3*t - 301 = -2*q. What is the units digit of q?
8
Let a be -2 + 2 + 3/1. Suppose 4*z = a*z + s + 9, 2*z - 21 = s. What is the units digit of z?
2
What is the units digit of 124 + 10 + (1 - 3/1)?
2
Let p(w) = w + 2. Let q be p(0). Suppose -5*a = -5, -v + 26 = -0*v + 5*a. What is the units digit of q - 7/(v/(-6))?
4
Suppose -b - 10 = -6*b. What is the units digit of (b - -1)/(12/32)?
8
Let d(a) = -2*a**2 + 5*a + 7. Let l be d(5). Let v = -12 - l. Let o(y) = 2*y + 1. What is the units digit of o(v)?
3
Let n = 2 - -2. What is the units digit of n?
4
Suppose 4*b = -4*n + 1 + 7, 2*n - 2*b + 4 = 0. Let c = n - 0. Suppose -h + 0 + 3 = c. What is the units digit of h?
3
Suppose -5*l = -4*l. Suppose -3*z - 9 + 66 = l. What is the units digit of z?
9
Suppose 2*u - u + 9 = 0. Let r = -8 - u. What is the units digit of r?
1
Suppose -7 = -3*r - q - 2, -r + 2*q = 3. Let k = -6 + 8. Suppose -k*a + 3 - r = 0. What is the units digit of a?
1
Let h(o) = o**3 + o**2 - 2*o + 1. Let z be h(1). Let c(j) = 3*j**2 + j - 1. What is the units digit of c(z)?
3
Let l be 5/7 + 2/7. Let a be (l/2)/(3/42). Suppose -4*t - 13 = -0*o + o, -o + a = -t. What is the units digit of o?
3
Let m(b) = b**2 + 5*b + 5. Let i(j) = -j**2 - j. Let l(o) = -2*i(o) - m(o). What is the units digit of l(6)?
3
Let d(p) = p**2 - 7*p + 6. Let z be (-46)/(-6) - (-10)/(-15). What is the units digit of d(z)?
6
What is the tens digit of ((-350)/40)/((-1)/4)?
3
Suppose 2*a - 6 = 0, -5*y + 4*a = -0*a - 118. What is the tens digit of y?
2
Suppose 4 = 3*c + 3*k - 41, 0 = -2*k + 4. What is the tens digit of c*(4 + -3) + 2?
1
Let u(g) = g**2 + 2*g - 7. Let s(z) = -z. Let v be s(-5). Suppose -2*f - 2*f = -16, 5*o + 45 = v*f. What is the units digit of u(o)?
8
Suppose -3*m - 14 - 4 = 0. Let r be (-53)/(-3) - (-4)/m. Let v = r - 12. What is the units digit of v?
5
What is the tens digit of ((-220)/(-16))/(3/(-3 - -27))?
1
Let f = 2 - 2. Let k = 6 + f. What is the units digit of 74/6 - 2/k?
2
Suppose 0 = -r + 4. Suppose -5*n + 34 = -r*l + 2, 0 = -n - 3*l - 5. What is the units digit of n?
4
Let d = 68 - 3. What is the units digit of d?
5
Let v be (16/(-12))/(2/(-3)). Suppose -v = 3*f - 17. Let p = f - 2. What is the units digit of p?
3
Let r(b) = b**2 + 4*b - 5. Suppose -2*y + 1 = 3. Let i be (-33)/6 - y/(-2). What is the units digit of r(i)?
7
Let t = 8 + -6. Suppose -m + t*m = 28. What is the units digit of m?
8
Let h = -178 + 364. What is the tens digit of h?
8
Suppose 0 = 3*z - 6*z + 3. What is the units digit of (5/(-3))/(z/(-6))?
0
Let s(f) = f**2 - 7*f + 7. Let g be s(6). Let z be 14 + g - (7 + -4). Suppose 4*v = 5*v - z. What is the units digit of v?
2
Suppose 5*l - 3*r = 2*l - 6, l - 2*r = 2. Let u(h) = h**2 + 2*h - 5. What is the tens digit of u(l)?
1
Suppose -14*w = -12*w - 858. What is the units digit of w?
9
Suppose -10*g + 1286 + 334 = 0. What is the hundreds digit of g?
1
Let u = 15 + -20. What is the units digit of (60/u)/(0 - 1)?
2
Suppose 3*q - 4*u = -5*u + 13, 3*q - 4*u - 8 = 0. Suppose -q*t - 5 = -9*t. What is the units digit of t?
1
Let r = 37 - 5. What is the tens digit of r?
3
Let t = -11 + 14. Let c be t/15 - 78/(-10). What is the units digit of (28/(-10))/(c/(-40))?
4
Suppose 2*a - a - 53 = 0. What is the tens digit of a?
5
Suppose -28 = -c + 3*y, 0 = 4*c + 5*y - 57 - 38. What is the units digit of c?
5
Suppose -5*k = -3*l - 7, -2*k + 3*k = l + 1. Let i = 2 - k. Suppose i = -2*r + 2*m + m + 4, r = 4*m - 8. What is the units digit of r?
8
Let x(i) be the second derivative of -i**5/20 - 11*i**4/12 + 3*i**3/2 - i**2 - 5*i. What is the units digit of x(-12)?
4
Suppose 5*q - 3*q = 0. What is the units digit of 1 - q - (-10 + -1)?
2
Let m(x) be the third derivative of 1/12*x**4 - 1/120*x**6 + 0 + 1/3*x**3 + 0*x**5 + 2*x**2 + 0*x. What is the units digit of m(-2)?
6
Let j = 30 + -52. Let a be (-1)/(2 + j/10). Suppose -3*v + 4*c = -11, 33 - 4 = v + a*c. What is the units digit of v?
9
Let g be (0/(-1) - 0)/(-2). Suppose s + g*s = 